 digit of h?
2
Let d = 222 - 49. Suppose -o + 294 = -d. What is the tens digit of o?
6
Let v = -116226 + 179511. What is the hundreds digit of v?
2
Suppose -d = 3*d - 2184. Suppose 3*v - 546 = -2*f, -d = -2*f - 0*f - 4*v. What is the hundreds digit of f?
2
Suppose -49*u - 429 = -66*u + 20481. What is the thousands digit of u?
1
Let h(k) = -77*k - 45. Let b be h(-3). Suppose -2*s = b - 826. What is the tens digit of s?
2
Let b be (21/(-12))/((-1)/4). Suppose 2*x = 3*q - 8, 4*q - 2*x = -b*x + 3. Suppose 29 + 137 = q*l. What is the tens digit of l?
8
Let o = -897 + 901. Let c(h) be the third derivative of 3*h**4/2 + 13*h**3/6 - 2*h**2. What is the hundreds digit of c(o)?
1
Suppose 4*s - 13 = -1. Suppose h + 52 = 4*r - 38, -2*h = s*r - 62. Suppose 0 = x - 4*g - 37, -4*x + 3*x + r = -g. What is the tens digit of x?
1
Let d = 126 - 130. Let n(p) = -15*p + 8. Let c(o) = -44*o + 23. Let x(b) = 6*c(b) - 17*n(b). What is the units digit of x(d)?
8
Let w(o) = -270*o**3 - 9*o**2 - 5*o + 6. What is the tens digit of w(-3)?
3
Let u(f) = -104*f - 2378. What is the units digit of u(-135)?
2
Let s = -135 + 144. Suppose 6762 = -s*m + 23*m. What is the tens digit of m?
8
Suppose 3*i = 5*j - 46 + 14, -4*i = -4. Let y be ((-10)/4)/(-4 + j/2). Suppose -p = -g - 15 - 12, -y*p = -3*g - 125. What is the units digit of p?
2
Let d = -289 - -297. What is the thousands digit of (-41660)/(-36) - d/36?
1
Let z(s) = -86*s + 11. Let c(o) = 29*o - 4. Let l be (4/3)/((-4)/(-24) + 0). Let q(y) = l*c(y) + 3*z(y). What is the units digit of q(-1)?
7
Suppose 10 - 4 = -3*f + 4*q, 3*q - 3 = 2*f. What is the tens digit of (-3 - 1 - f)*237/2?
3
What is the units digit of (4540 - -3) + 84/(-14)?
7
Suppose -4*s + 2*w = -72, 0 = 19*w - 14*w. Suppose s*z + 3673 = 10585. What is the hundreds digit of z?
3
Let q = -607 - -604. What is the tens digit of (q - 19*49)*31/(-62)?
6
What is the hundreds digit of ((-40)/32)/(1/((-8764)/7))?
5
Let b be -2 + (-7)/(28/120). Let l be b*(-2 - 4/(-8)). Suppose -m + 4*w + l + 59 = 0, 4*m = -w + 428. What is the units digit of m?
7
Let h(f) = -2306*f**3 - 4*f**2 - 5*f - 3. Let j be h(-1). Suppose -7*o - j = -15*o. What is the hundreds digit of o?
2
Suppose 146199 = -12*d + 598803. What is the ten thousands digit of d?
3
Let z = 3331 - -19795. What is the ten thousands digit of z?
2
Suppose 1045*m + 17064 = 1051*m. What is the units digit of m?
4
Suppose 5*x + 3*f - 1217 - 704 = 0, -3*f = -2*x + 760. What is the tens digit of x?
8
Suppose 3*t + 5467 - 1344 = -i, 0 = 3*t + 2*i + 4121. Let u = -775 - t. What is the tens digit of u?
0
Suppose 2*n - 1 = 3. Suppose -5*o - n*k + 23 + 47 = 0, 0 = 3*o + 2*k - 42. Let z(j) = j**3 - 14*j**2 + 4*j - 27. What is the tens digit of z(o)?
2
What is the units digit of (0 + (-4)/(-16))/(((-435)/(-2914140))/29)?
9
Let h(v) = -16 + 137*v**3 + v + 8*v - 138*v**3 - 14*v**2. Let k(n) = n**3 + n - 1. Let g(t) = -h(t) - 2*k(t). What is the tens digit of g(13)?
4
Let j = -11 + 13. Suppose z = -j*o + 1376, 6*o + 3*z - 1380 = 4*o. What is the tens digit of o?
8
Let w(x) = 3*x**3 + 21*x**2 - 6*x - 9. Let u(v) = -3*v**3 - v**2 + v + 4. Let p be u(-2). Suppose -2*o + 8 - p = 0. What is the tens digit of w(o)?
3
Suppose -6 = 15*v - 16*v. Let k(a) = -a + 9. Let o be k(v). Suppose 276 = x + 2*x + 5*p, 0 = -o*x + p + 258. What is the tens digit of x?
8
Let w be 5/((-30)/(-59)) - (-1)/6. Suppose s = 3, -x + w*s + 1123 = 6*s. What is the hundreds digit of x?
1
Let q = -34 + 42. Suppose 11 = z + 4*y - q, 2*y = -3*z + 37. Let k(o) = 27*o - 55. What is the units digit of k(z)?
2
Let l(d) = -3*d + 9. Let c be l(17). Let w = c - -65. Suppose -26*r = -w*r - 24. What is the units digit of r?
8
Suppose -5*a - k + 8833 = 0, 2*a + 18*k - 3520 = 22*k. What is the tens digit of a?
6
Let y(i) = -9505*i + 4025. What is the hundreds digit of y(-6)?
0
Let s(c) = -c - 40. Let b be s(-10). Let x be ((b/12)/5)/(1/(-12)). Let z(t) = 5*t**2 - 6*t - 14. What is the tens digit of z(x)?
3
Suppose 0 = 281*w - 10076794 + 1227542. What is the hundreds digit of w?
4
Suppose 0 = 25*y - 30*y + 18580. What is the hundreds digit of y?
7
Let h(l) = 114*l**2 - 39*l + 390. What is the hundreds digit of h(8)?
3
Suppose 3*p = s - p - 585, -2*s = -2*p - 1164. Let t = s - 171. What is the tens digit of t?
1
Let b(s) = 96*s**3 - 33*s**2 + 22*s - 5. What is the units digit of b(4)?
9
Let s = 437 + -437. What is the units digit of s/(-11) - (-51)/(-6)*-8?
8
Let p(q) = -274*q - 4762. What is the ten thousands digit of p(-81)?
1
Suppose 54 + 42 = 6*a. Let i be a/4 - (0 + -338). Suppose -2*r + 8*r - i = 0. What is the tens digit of r?
5
Let x(j) = 2*j**3 + 41*j**2 - 23*j + 1. Suppose -3*t - 280 = 4*k, -2*t + 193 = -0*k - 3*k. Let s = 46 + k. What is the units digit of x(s)?
3
Let v(f) = f**3 + 8*f**2 - 2*f - 14. Let j be v(-7). Let i = -109 + j. Let d = i + 149. What is the tens digit of d?
8
Let k = 23050 + -9381. What is the hundreds digit of k?
6
Suppose -4*h - 2*y + 36776 = 0, h - 2*y + 4*y = 9203. What is the thousands digit of h?
9
Let k = 63551 + 2301. What is the ten thousands digit of k?
6
Suppose 46*x = 48*x - 626. Let q = x + -221. What is the tens digit of q?
9
Let w(g) = -g**3 - 25*g**2 + 2*g + 54. Let d be w(-25). Let v(o) = -20*o + 1. Let t(c) = -19*c + 2. Let m(l) = -4*t(l) + 3*v(l). What is the tens digit of m(d)?
5
Let o(w) = -21*w + 3120. What is the units digit of o(0)?
0
Let b = -100 - -102. Suppose -2660 = -3*f - 4*i, -b*f + i + 1218 = -548. What is the tens digit of f?
8
Suppose -17*z = -7*z - 750. Let p = -354 - z. What is the hundreds digit of 12/(-4)*(-4)/((-36)/p)?
1
Let m = -6760 + 11657. What is the units digit of m?
7
Let i = -21625 - -36264. What is the thousands digit of i?
4
What is the tens digit of (93234/(-12) - -4)*144/(-54)?
0
Let y(o) = 8587*o**2 - 18*o - 13. What is the tens digit of y(-1)?
9
Suppose -3*w + 219 = -m + 3*m, -4*w + 3*m = -309. Let y = 83 - w. What is the tens digit of y/52 + (-5)/(260/(-4568))?
8
Suppose 3*h - 2*z = 30639, 4*z - 16447 = -h - 6220. What is the thousands digit of h?
0
Let d(u) be the first derivative of 4*u**2 + 47*u + 499. Suppose 4*r - 46 = 5*g, 4*r - 3*g - 33 = r. What is the tens digit of d(r)?
1
What is the tens digit of 14*36/(-126) - -3160?
5
Suppose -3*v - 48 = 3*x, 8*v + 5*x = 5*v - 52. Let i = 79 + v. Let b = i - -167. What is the hundreds digit of b?
2
Suppose 34*x - 30*x = 3*c - 99160, -2*c - 23*x = -66235. What is the units digit of c?
0
Let k = 20906 + -5813. What is the ten thousands digit of k?
1
Let f(q) = 8086*q**2 + 529*q + 1583. What is the hundreds digit of f(-3)?
7
Let f(a) = 1 - 4*a**3 - 4 + 18*a**2 - 27*a**2 + 4. What is the units digit of f(-4)?
3
Let n(i) = 532*i**2 + 21*i + 36. Let f be n(-2). Suppose -4*b - 2*j = -f, 3*b = 6*b - 3*j - 1605. What is the hundreds digit of b?
5
Suppose -5*w - 95 + 595 = 0. Let x = 159 - w. What is the units digit of x?
9
Let h be 1502/2 - 3*(8 - 9). Let r = -436 + h. What is the hundreds digit of r?
3
Let j = 85090 - 49988. What is the thousands digit of j?
5
What is the units digit of 14032*(51/(-18)*3/(-2) + -3)?
0
Let k = 45 - -59. Suppose -6*f = k - 830. What is the hundreds digit of f?
1
Let t = -75 + 69. What is the units digit of (372/(-10) - 3)/(t/30)?
1
Suppose -q + 12 - 4 = -4*h, 6 = -3*h - 5*q. Let i(w) = -10*w**2 + 3*w + 4. Let n be i(h). Let s = 24 - n. What is the units digit of s?
6
Let y(c) = -31*c - 182. Let v(p) = -p**3 + 13*p**2 - 6*p - 113. Let q be v(12). What is the units digit of y(q)?
9
Let l(c) = 2*c**3 - 5*c**2 + 2*c + 3. Let q be l(3). What is the hundreds digit of 15/(-9) + 3558/q?
1
Suppose 2*r - 21*s - 32466 = 68653, 0 = 3*r - 3*s - 151878. What is the ten thousands digit of r?
5
Let h = 8217 - -212. What is the tens digit of h?
2
Suppose 0 = 2*j + 5*c - 19276, j = -9*c + 12*c + 9649. What is the tens digit of j?
4
Let s = -227 + 256. Suppose 3252 = -25*t + s*t. What is the tens digit of t?
1
Suppose -4*u = i - 361, -4*i - 69 + 1567 = -2*u. Suppose -4*q - 5*b + 1432 = -0*b, q = -5*b + i. What is the hundreds digit of q?
3
Let u(h) = h**3 - 15*h**2 - 32*h - 22. Let b be u(17). Suppose -9*p = -b*p + 1179. What is the hundreds digit of p?
3
Let u = 32040 - -350. What is the hundreds digit of u?
3
Let l be (-51)/2*((-20)/3 - -4). 